9 is divided by n(g)?
9
Let p = 226 + -135. Suppose -76 = -2*b - 4*c, -5*b = 4*c - p - 81. What is the remainder when b is divided by 17?
15
Suppose 3*x = -0*x + 24. Let c(b) = 0*b - 7 - 3*b + b. What is the remainder when x is divided by c(-6)?
3
Let i(u) = 10*u - 12. Calculate the remainder when i(6) is divided by 17.
14
Let p = -24 - -94. What is the remainder when p is divided by 9?
7
Let j be 465/20 - (-3)/4. Suppose -5*g = -3*m - 2*g + j, -3*g + 16 = m. Let t = -6 - -10. Calculate the remainder when m is divided by t.
2
Suppose a - 14*a + 624 = 0. What is the remainder when a is divided by 17?
14
Let i(b) = -27*b - 2. Calculate the remainder when i(-3) is divided by 20.
19
Let z(k) = -15*k - 7. Let h(g) = -g + 4. Let o be h(7). Calculate the remainder when z(-2) is divided by (-6)/(-9) + (-16)/o.
5
Let c be 194/(-14) + (-1)/7. Let k = c - -57. Suppose 0 + 30 = 2*o. What is the remainder when k is divided by o?
13
Let s = -24 - -37. What is the remainder when (-2)/(-9) + 680/18 is divided by s?
12
Let d be 8/(-6)*405/18. Calculate the remainder when 9 is divided by d/12*36/(-15).
3
Suppose 0 = 4*k - 20 - 48. What is the remainder when 201 is divided by k?
14
Let s(o) = -57*o + 1. Calculate the remainder when s(-1) is divided by 30.
28
Let h = 5 + 59. What is the remainder when h is divided by 35?
29
Suppose 0 = 16*n - 25*n + 153. Let v(m) = 7*m**2 - 1. What is the remainder when n is divided by v(1)?
5
Let b(y) = 24*y**2 + 3*y + 3. Let p be b(-3). Let n be (2/(-3))/((-4)/p). Suppose 6*g - g = n. Calculate the remainder when 18 is divided by g.
4
Let v be (27/(-6))/(3/(-8)). What is the remainder when 18/(-24) - 86/(-8) is divided by (v/14)/(1/7)?
4
Let x = 221 + -59. What is the remainder when (x/(-12))/(2/(-4)) is divided by 7?
6
Let t = 31 - 18. Calculate the remainder when 23 is divided by t.
10
Let c(i) = i**2 - i + 24. Calculate the remainder when 69 is divided by c(0).
21
Let j = 9 - -7. Suppose -5*t = 5*n + 10, 0 = t - 2*n + 3 - j. Let s = t - -5. Calculate the remainder when s is divided by 3.
2
Suppose 20 + 10 = 2*p. Suppose -p = -3*r + 6. What is the remainder when 12 is divided by r?
5
Suppose 72 + 38 = 5*w. Calculate the remainder when (-48)/3*(2 - 6) is divided by w.
20
Let s(o) = -o + 3. Let v be s(-2). Suppose 3*m - 5*a - 63 = 0, -3*m + v*a + 105 = 2*m. What is the remainder when m is divided by 12?
9
Let z(c) = -c**2 - c + 7. Let q be z(0). Let p = q + -4. What is the remainder when 8 is divided by p?
2
Let p = -15 - -18. Suppose 3*n = -5*k + 48, -5*k - 5*n + p*n = -47. What is the remainder when k is divided by 5?
4
Suppose 4*r - 3*v = 80, -3*v - 63 = -3*r - 0*r. Let q(u) = u**2 - 5*u - 1. Calculate the remainder when r is divided by q(6).
2
Let q = -116 - -172. Suppose 2*j - 3*j + 19 = 0. What is the remainder when q is divided by j?
18
Suppose -4*u = -l - 16, 4*l - 2*u - 8 = -2. Calculate the remainder when l/(-4) + 4 + 1 is divided by 2.
0
Suppose -j + 30 = 2*j. Let w = 10 + 9. Calculate the remainder when w is divided by j.
9
Suppose 4*v - 989 = 467. Calculate the remainder when 67 is divided by (v/65)/(2/5).
11
Suppose -5*x + 10 + 270 = 0. Calculate the remainder when x is divided by 3*(-5 - -11 - 1).
11
Suppose -n + 4*w - 52 - 16 = 0, w - 302 = 5*n. Let v = 105 + n. What is the remainder when v is divided by 16?
13
Let a(r) = 4 - 5 + r - 2*r**2 + 2 + 22*r**2. What is the remainder when a(-1) is divided by 7?
6
Let m = 5 - 5. Suppose 0*u + 4*u - 228 = m. Calculate the remainder when u is divided by 20.
17
Let g(p) = -2*p + 1. Let q be g(-2). Suppose -q*i - 7 = -22. Let c = 7 + -5. Calculate the remainder when i is divided by c.
1
Suppose -i - 13 = -2*w - 4, 2*i + 10 = 2*w. Let o be -23 - (i - -1 - 3). Let t = -12 - o. What is the remainder when 13 is divided by t?
5
Suppose 45 = 2*f - 4*q - 7, -5*q = 10. Calculate the remainder when f is divided by 6.
4
Suppose 0*w = 4*z - 2*w, 2*w - 4 = 2*z. Suppose f = z*f + 3. Let c = f + 55. What is the remainder when c is divided by 18?
16
Suppose 9 + 12 = j + 5*p, -31 = -j + 5*p. What is the remainder when 75 is divided by j?
23
Suppose -3*f + 56 = 5*i - 67, -3*i - 3*f + 75 = 0. Let a = 39 - i. Calculate the remainder when 28 is divided by a.
13
Suppose -c + 5*c = 80. Suppose 3*b - 6*v + 2*v = 31, v + 63 = 5*b. Suppose 0 = -2*a - 2*z + 18, -z + 18 + b = 3*a. What is the remainder when c is divided by a?
9
Let s = 9 + 6. Let i = s - 11. Suppose -93 = -i*r + r. Calculate the remainder when r is divided by 11.
9
Suppose -125 = -5*c + 2*k, 4*c - k - 169 = -66. What is the remainder when c is divided by 15?
12
Let x(c) = 2*c**2 - c - 7. What is the remainder when x(-5) is divided by 27?
21
Suppose 8*l - 213 = 5*l. Let n = -41 + l. Calculate the remainder when 57 is divided by n.
27
Let o be -9 + 4 + (0 - 2). Let j = -4 - o. What is the remainder when 14 is divided by (j/(-6))/((-2)/32)?
6
What is the remainder when 95 is divided by 4 - (5 + 15)/(-4)?
5
Suppose -13 = 3*p - 109. Suppose -4*c + 0*c + p = 0. What is the remainder when 23 is divided by c?
7
Suppose -4*v - 9 = 2*a - 3, v = 3*a - 12. Suppose -q = a*q - 28. Calculate the remainder when q is divided by 3.
1
Suppose -114 = -2*w - y, -2*w - 5*y + 130 = -0*w. What is the remainder when w is divided by 19?
17
Suppose x = -0*u - u + 16, 2*x + 4*u - 42 = 0. Let h = 15 - x. What is the remainder when 10 is divided by h?
2
Let j(r) be the first derivative of 0*r**2 - 2 - r + 14/3*r**3. What is the remainder when j(1) is divided by 7?
6
Suppose 0 = -17*a + 12*a + 175. Calculate the remainder when a is divided by 9.
8
Let h(v) = -6*v + 4. Suppose 2*r = 3*x - 2*r - 29, 2*r = -5*x + 5. Calculate the remainder when h(-5) is divided by x*6/9*6.
10
Let z(i) = -i**3 + 7*i**2 - i - 4. What is the remainder when z(3) is divided by 8?
5
Let z = 27 + -10. Calculate the remainder when 48 is divided by z.
14
Suppose -4*b + 7 = -17. Suppose b*k = 2*k + 40. Calculate the remainder when 19 + 0 - (-8 + 9) is divided by k.
8
Let g(x) = x**3 - x. Let h be g(-1). Suppose 0 = -h*i - i + 3. Suppose 15 = -i*l, -b - l = 3*l + 7. What is the remainder when 24 is divided by b?
11
Suppose -2*i + 2*b + 19 = b, 4*i = -2*b + 50. Let g = -11 + 18. Calculate the remainder when i is divided by g.
4
Suppose -62*c = -60*c - 34. Calculate the remainder when 133 is divided by c.
14
Let q(x) = -x - 1. Let o(c) = -7*c. Let y(l) = -o(l) + 2*q(l). Let s be y(-6). Let z = 45 + s. Calculate the remainder when 38 is divided by z.
12
Let u = -14 + 29. Let f = 27 - u. Calculate the remainder when 23 is divided by f.
11
Suppose 9*s - 6*s + 42 = 0. Calculate the remainder when (20/(-14))/(2/s) is divided by 7.
3
Let v(d) = -d**3 + 3. Let w be v(0). Let n be w + 0 - 1 - -2. Suppose 3*b = -3*x + 2*x - 1, -n*x + 26 = -3*b. What is the remainder when 18 is divided by x?
3
Let w(d) = 15*d**3 + 2*d**2 + 2*d**2 - 5*d**2. Suppose s - 38 + 37 = 0. What is the remainder when 39 is divided by w(s)?
11
Suppose -2*n + 3*j + 9 = 2*j, -j - 3 = n. Suppose 0 = -3*m - 2*g + 16, 0 = -0*m + m - n*g - 8. Let i = m + 6. Calculate the remainder when i is divided by 7.
5
Let m = 111 - 66. Suppose m = -5*y - 70. Let j = y + 42. Calculate the remainder when j is divided by 7.
5
Let v(j) = -j**3 + 5*j**2 + j. Let i be v(4). Suppose -4*c + i + 44 = 0. What is the remainder when 21 is divided by 3/1*c/6?
5
Let n(b) be the second derivative of -5*b**3/3 + b**2/2 - b. What is the remainder when n(-3) is divided by 16?
15
Let o be (-1 - 12)/(-2 - -3). Let a = o + 28. Calculate the remainder when 27 is divided by a.
12
Let i(p) = -6*p + 34. Calculate the remainder when 30 is divided by i(3).
14
Suppose 0 = 2*m + 3*q + 19 - 102, 4*q = 12. Calculate the remainder when m is divided by 8.
5
Let z be 2 - -3 - 2/2. Suppose -3*c + 3*w + 14 + z = 0, 5*c = -5*w + 60. What is the remainder when 34 is divided by c?
7
Suppose m = 6*m - 85. What is the remainder when m is divided by 5?
2
Let a = 23 - 1. Calculate the remainder when 85 is divided by a.
19
Suppose 5*r - 30 = -5*k, -6 = -3*k + 2*r + r. Suppose 4*z + n - 26 - 42 = 0, -4*n = k*z - 56. What is the remainder when z is divided by 0/1 - -1*10?
8
What is the remainder when 128/7 - (-2)/(-7) is divided by (-14)/(-6)*-3*-1?
4
Let y = 77 - 42. Let v(w) = -2*w - 2. Le